{"id":74,"date":"2023-11-15T15:48:46","date_gmt":"2023-11-15T13:48:46","guid":{"rendered":"https:\/\/dev.biserica-fortificata-viscri.ro\/en\/?page_id=74"},"modified":"2024-02-15T16:50:02","modified_gmt":"2024-02-15T14:50:02","slug":"linkuri-utile","status":"publish","type":"page","link":"https:\/\/www.biserica-fortificata-viscri.ro\/ro\/linkuri\/","title":{"rendered":"Linkuri"},"content":{"rendered":"<p><\/p>\n<h3>Biserica Evanghelica C.A. din Rom\u00e2nia<\/h3>\n<p>Site-ul oficial al Bisericii Evanghelice din Rom\u00e2nia.\u00a0<a href=\"https:\/\/www.evang.ro\/ro\/\" target=\"_blank\" rel=\"noopener\">https:\/\/www.evang.ro\/ro\/<\/a><\/p>\n<h3>S\u0103pt\u0103m\u00e2na Haferland<\/h3>\n<p>\u00cen fiecare an, festivalul S\u0103pt\u0103m\u00e2na Haferland are loc la mijlocul verii, pe o perioad\u0103 derulat\u0103 \u00eentre trei \u0219i \u0219apte zile.\u00a0<strong>Evenimentul reprezint\u0103 cea mai ampl\u0103 manifestare din Rom\u00e2nia dedicat\u0103 promov\u0103rii culturii \u0219i tradi\u021biilor comunit\u0103\u021bii sa\u0219ilor din Transilvania. <\/strong><a href=\"https:\/\/haferland.ro\/\" target=\"_blank\" rel=\"noopener\">https:\/\/haferland.ro\/<\/a><\/p>","protected":false},"excerpt":{"rendered":"<p>Biserica Evanghelica C.A. din Rom\u00e2nia Site-ul oficial al Bisericii Evanghelice din Rom\u00e2nia.\u00a0https:\/\/www.evang.ro\/ro\/ S\u0103pt\u0103m\u00e2na Haferland \u00cen fiecare an, festivalul S\u0103pt\u0103m\u00e2na Haferland are loc la mijlocul verii, pe o perioad\u0103 derulat\u0103 \u00eentre trei \u0219i \u0219apte zile.\u00a0Evenimentul reprezint\u0103 cea mai ampl\u0103 manifestare din Rom\u00e2nia dedicat\u0103 promov\u0103rii culturii \u0219i tradi\u021biilor comunit\u0103\u021bii sa\u0219ilor din Transilvania&#8230;.  <a class=\"excerpt-read-more\" href=\"https:\/\/www.biserica-fortificata-viscri.ro\/ro\/linkuri\/\" title=\"Read Linkuri\">Cite\u0219te mai mult &raquo;<\/a><\/p>\n","protected":false},"author":2,"featured_media":0,"parent":0,"menu_order":0,"comment_status":"closed","ping_status":"closed","template":"","meta":{"footnotes":""},"class_list":["post-74","page","type-page","status-publish","hentry"],"yoast_head":"<!-- This site is optimized with the Yoast SEO plugin v27.3 - https:\/\/yoast.com\/product\/yoast-seo-wordpress\/ -->\n<title>Linkuri - Biserica Fortificat\u0103 Viscri<\/title>\n<meta name=\"robots\" content=\"index, follow, max-snippet:-1, max-image-preview:large, max-video-preview:-1\" \/>\n<link rel=\"canonical\" href=\"https:\/\/www.biserica-fortificata-viscri.ro\/ro\/linkuri\/\" \/>\n<meta property=\"og:locale\" content=\"ro_RO\" \/>\n<meta property=\"og:type\" content=\"article\" \/>\n<meta property=\"og:title\" content=\"Linkuri - Biserica Fortificat\u0103 Viscri\" \/>\n<meta property=\"og:description\" content=\"Biserica Evanghelica C.A. din Rom\u00e2nia Site-ul oficial al Bisericii Evanghelice din Rom\u00e2nia.\u00a0https:\/\/www.evang.ro\/ro\/ S\u0103pt\u0103m\u00e2na Haferland \u00cen fiecare an, festivalul S\u0103pt\u0103m\u00e2na Haferland are loc la mijlocul verii, pe o perioad\u0103 derulat\u0103 \u00eentre trei \u0219i \u0219apte zile.\u00a0Evenimentul reprezint\u0103 cea mai ampl\u0103 manifestare din Rom\u00e2nia dedicat\u0103 promov\u0103rii culturii \u0219i tradi\u021biilor comunit\u0103\u021bii sa\u0219ilor din Transilvania.... Cite\u0219te mai mult &raquo;\" \/>\n<meta property=\"og:url\" content=\"https:\/\/www.biserica-fortificata-viscri.ro\/ro\/linkuri\/\" \/>\n<meta property=\"og:site_name\" content=\"Biserica Fortificat\u0103 Viscri\" \/>\n<meta property=\"article:modified_time\" content=\"2024-02-15T14:50:02+00:00\" \/>\n<meta name=\"twitter:card\" content=\"summary_large_image\" \/>\n<meta name=\"twitter:label1\" content=\"Timp estimat pentru citire\" \/>\n\t<meta name=\"twitter:data1\" content=\"1 minut\" \/>\n<script type=\"application\/ld+json\" class=\"yoast-schema-graph\">{\"@context\":\"https:\\\/\\\/schema.org\",\"@graph\":[{\"@type\":\"WebPage\",\"@id\":\"https:\\\/\\\/www.biserica-fortificata-viscri.ro\\\/ro\\\/linkuri\\\/\",\"url\":\"https:\\\/\\\/www.biserica-fortificata-viscri.ro\\\/ro\\\/linkuri\\\/\",\"name\":\"Linkuri - Biserica Fortificat\u0103 Viscri\",\"isPartOf\":{\"@id\":\"https:\\\/\\\/www.biserica-fortificata-viscri.ro\\\/ro\\\/#website\"},\"datePublished\":\"2023-11-15T13:48:46+00:00\",\"dateModified\":\"2024-02-15T14:50:02+00:00\",\"breadcrumb\":{\"@id\":\"https:\\\/\\\/www.biserica-fortificata-viscri.ro\\\/ro\\\/linkuri\\\/#breadcrumb\"},\"inLanguage\":\"ro-RO\",\"potentialAction\":[{\"@type\":\"ReadAction\",\"target\":[[\"https:\\\/\\\/www.biserica-fortificata-viscri.ro\\\/ro\\\/linkuri\\\/\"]]}]},{\"@type\":\"BreadcrumbList\",\"@id\":\"https:\\\/\\\/www.biserica-fortificata-viscri.ro\\\/ro\\\/linkuri\\\/#breadcrumb\",\"itemListElement\":[{\"@type\":\"ListItem\",\"position\":1,\"name\":\"Home\",\"item\":\"https:\\\/\\\/www.biserica-fortificata-viscri.ro\\\/ro\\\/\"},{\"@type\":\"ListItem\",\"position\":2,\"name\":\"Linkuri\"}]},{\"@type\":\"WebSite\",\"@id\":\"https:\\\/\\\/www.biserica-fortificata-viscri.ro\\\/ro\\\/#website\",\"url\":\"https:\\\/\\\/www.biserica-fortificata-viscri.ro\\\/ro\\\/\",\"name\":\"Biserica Fortificat\u0103 Viscri\",\"description\":\"Site-ul oficial al Bisericii Fortificate Viscri, Biserica Evanghelic\u0103 C. A. \u00een Rom\u00e2nia\",\"potentialAction\":[{\"@type\":\"SearchAction\",\"target\":{\"@type\":\"EntryPoint\",\"urlTemplate\":\"https:\\\/\\\/www.biserica-fortificata-viscri.ro\\\/ro\\\/?s={search_term_string}\"},\"query-input\":{\"@type\":\"PropertyValueSpecification\",\"valueRequired\":true,\"valueName\":\"search_term_string\"}}],\"inLanguage\":\"ro-RO\"}]}<\/script>\n<!-- \/ Yoast SEO plugin. -->","yoast_head_json":{"title":"Linkuri - Biserica Fortificat\u0103 Viscri","robots":{"index":"index","follow":"follow","max-snippet":"max-snippet:-1","max-image-preview":"max-image-preview:large","max-video-preview":"max-video-preview:-1"},"canonical":"https:\/\/www.biserica-fortificata-viscri.ro\/ro\/linkuri\/","og_locale":"ro_RO","og_type":"article","og_title":"Linkuri - Biserica Fortificat\u0103 Viscri","og_description":"Biserica Evanghelica C.A. din Rom\u00e2nia Site-ul oficial al Bisericii Evanghelice din Rom\u00e2nia.\u00a0https:\/\/www.evang.ro\/ro\/ S\u0103pt\u0103m\u00e2na Haferland \u00cen fiecare an, festivalul S\u0103pt\u0103m\u00e2na Haferland are loc la mijlocul verii, pe o perioad\u0103 derulat\u0103 \u00eentre trei \u0219i \u0219apte zile.\u00a0Evenimentul reprezint\u0103 cea mai ampl\u0103 manifestare din Rom\u00e2nia dedicat\u0103 promov\u0103rii culturii \u0219i tradi\u021biilor comunit\u0103\u021bii sa\u0219ilor din Transilvania.... Cite\u0219te mai mult &raquo;","og_url":"https:\/\/www.biserica-fortificata-viscri.ro\/ro\/linkuri\/","og_site_name":"Biserica Fortificat\u0103 Viscri","article_modified_time":"2024-02-15T14:50:02+00:00","twitter_card":"summary_large_image","twitter_misc":{"Timp estimat pentru citire":"1 minut"},"schema":{"@context":"https:\/\/schema.org","@graph":[{"@type":"WebPage","@id":"https:\/\/www.biserica-fortificata-viscri.ro\/ro\/linkuri\/","url":"https:\/\/www.biserica-fortificata-viscri.ro\/ro\/linkuri\/","name":"Linkuri - Biserica Fortificat\u0103 Viscri","isPartOf":{"@id":"https:\/\/www.biserica-fortificata-viscri.ro\/ro\/#website"},"datePublished":"2023-11-15T13:48:46+00:00","dateModified":"2024-02-15T14:50:02+00:00","breadcrumb":{"@id":"https:\/\/www.biserica-fortificata-viscri.ro\/ro\/linkuri\/#breadcrumb"},"inLanguage":"ro-RO","potentialAction":[{"@type":"ReadAction","target":[["https:\/\/www.biserica-fortificata-viscri.ro\/ro\/linkuri\/"]]}]},{"@type":"BreadcrumbList","@id":"https:\/\/www.biserica-fortificata-viscri.ro\/ro\/linkuri\/#breadcrumb","itemListElement":[{"@type":"ListItem","position":1,"name":"Home","item":"https:\/\/www.biserica-fortificata-viscri.ro\/ro\/"},{"@type":"ListItem","position":2,"name":"Linkuri"}]},{"@type":"WebSite","@id":"https:\/\/www.biserica-fortificata-viscri.ro\/ro\/#website","url":"https:\/\/www.biserica-fortificata-viscri.ro\/ro\/","name":"Biserica Fortificat\u0103 Viscri","description":"Site-ul oficial al Bisericii Fortificate Viscri, Biserica Evanghelic\u0103 C. A. \u00een Rom\u00e2nia","potentialAction":[{"@type":"SearchAction","target":{"@type":"EntryPoint","urlTemplate":"https:\/\/www.biserica-fortificata-viscri.ro\/ro\/?s={search_term_string}"},"query-input":{"@type":"PropertyValueSpecification","valueRequired":true,"valueName":"search_term_string"}}],"inLanguage":"ro-RO"}]}},"_links":{"self":[{"href":"https:\/\/www.biserica-fortificata-viscri.ro\/ro\/wp-json\/wp\/v2\/pages\/74","targetHints":{"allow":["GET"]}}],"collection":[{"href":"https:\/\/www.biserica-fortificata-viscri.ro\/ro\/wp-json\/wp\/v2\/pages"}],"about":[{"href":"https:\/\/www.biserica-fortificata-viscri.ro\/ro\/wp-json\/wp\/v2\/types\/page"}],"author":[{"embeddable":true,"href":"https:\/\/www.biserica-fortificata-viscri.ro\/ro\/wp-json\/wp\/v2\/users\/2"}],"replies":[{"embeddable":true,"href":"https:\/\/www.biserica-fortificata-viscri.ro\/ro\/wp-json\/wp\/v2\/comments?post=74"}],"version-history":[{"count":11,"href":"https:\/\/www.biserica-fortificata-viscri.ro\/ro\/wp-json\/wp\/v2\/pages\/74\/revisions"}],"predecessor-version":[{"id":385,"href":"https:\/\/www.biserica-fortificata-viscri.ro\/ro\/wp-json\/wp\/v2\/pages\/74\/revisions\/385"}],"wp:attachment":[{"href":"https:\/\/www.biserica-fortificata-viscri.ro\/ro\/wp-json\/wp\/v2\/media?parent=74"}],"curies":[{"name":"wp","href":"https:\/\/api.w.org\/{rel}","templated":true}]}}

<p></p>
<h3>Biserica Evanghelica C.A. din România</h3>
<p>Site-ul oficial al Bisericii Evanghelice din România. <a href="https://www.evang.ro/ro/" target="_blank" rel="noopener">https://www.evang.ro/ro/</a></p>
<h3>Săptămâna Haferland</h3>
<p>În fiecare an, festivalul Săptămâna Haferland are loc la mijlocul verii, pe o perioadă derulată între trei și șapte zile. <strong>Evenimentul reprezintă cea mai amplă manifestare din România dedicată promovării culturii și tradițiilor comunității sașilor din Transilvania. </strong><a href="https://haferland.ro/" target="_blank" rel="noopener">https://haferland.ro/</a></p>

<p>Biserica Evanghelica C.A. din România Site-ul oficial al Bisericii Evanghelice din România. https://www.evang.ro/ro/ Săptămâna Haferland În fiecare an, festivalul Săptămâna Haferland are loc la mijlocul verii, pe o perioadă derulată între trei și șapte zile. Evenimentul reprezintă cea mai amplă manifestare din România dedicată promovării culturii și tradițiilor comunității sașilor din Transilvania&#8230;.  <a class="excerpt-read-more" href="https://www.biserica-fortificata-viscri.ro/ro/linkuri/" title="Read Linkuri">Citește mai mult &raquo;</a></p>

<!-- This site is optimized with the Yoast SEO plugin v27.3 - https://yoast.com/product/yoast-seo-wordpress/ -->
<title>Linkuri - Biserica Fortificată Viscri</title>
<meta name="robots" content="index, follow, max-snippet:-1, max-image-preview:large, max-video-preview:-1" />
<link rel="canonical" href="https://www.biserica-fortificata-viscri.ro/ro/linkuri/" />
<meta property="og:locale" content="ro_RO" />
<meta property="og:type" content="article" />
<meta property="og:title" content="Linkuri - Biserica Fortificată Viscri" />
<meta property="og:description" content="Biserica Evanghelica C.A. din România Site-ul oficial al Bisericii Evanghelice din România. https://www.evang.ro/ro/ Săptămâna Haferland În fiecare an, festivalul Săptămâna Haferland are loc la mijlocul verii, pe o perioadă derulată între trei și șapte zile. Evenimentul reprezintă cea mai amplă manifestare din România dedicată promovării culturii și tradițiilor comunității sașilor din Transilvania.... Citește mai mult &raquo;" />
<meta property="og:url" content="https://www.biserica-fortificata-viscri.ro/ro/linkuri/" />
<meta property="og:site_name" content="Biserica Fortificată Viscri" />
<meta property="article:modified_time" content="2024-02-15T14:50:02+00:00" />
<meta name="twitter:card" content="summary_large_image" />
<meta name="twitter:label1" content="Timp estimat pentru citire" />
	<meta name="twitter:data1" content="1 minut" />
<script type="application/ld+json" class="yoast-schema-graph">{"@context":"https:\/\/schema.org","@graph":[{"@type":"WebPage","@id":"https:\/\/www.biserica-fortificata-viscri.ro\/ro\/linkuri\/","url":"https:\/\/www.biserica-fortificata-viscri.ro\/ro\/linkuri\/","name":"Linkuri - Biserica Fortificată Viscri","isPartOf":{"@id":"https:\/\/www.biserica-fortificata-viscri.ro\/ro\/#website"},"datePublished":"2023-11-15T13:48:46+00:00","dateModified":"2024-02-15T14:50:02+00:00","breadcrumb":{"@id":"https:\/\/www.biserica-fortificata-viscri.ro\/ro\/linkuri\/#breadcrumb"},"inLanguage":"ro-RO","potentialAction":[{"@type":"ReadAction","target":[["https:\/\/www.biserica-fortificata-viscri.ro\/ro\/linkuri\/"]]}]},{"@type":"BreadcrumbList","@id":"https:\/\/www.biserica-fortificata-viscri.ro\/ro\/linkuri\/#breadcrumb","itemListElement":[{"@type":"ListItem","position":1,"name":"Home","item":"https:\/\/www.biserica-fortificata-viscri.ro\/ro\/"},{"@type":"ListItem","position":2,"name":"Linkuri"}]},{"@type":"WebSite","@id":"https:\/\/www.biserica-fortificata-viscri.ro\/ro\/#website","url":"https:\/\/www.biserica-fortificata-viscri.ro\/ro\/","name":"Biserica Fortificată Viscri","description":"Site-ul oficial al Bisericii Fortificate Viscri, Biserica Evanghelică C. A. în România","potentialAction":[{"@type":"SearchAction","target":{"@type":"EntryPoint","urlTemplate":"https:\/\/www.biserica-fortificata-viscri.ro\/ro\/?s={search_term_string}"},"query-input":{"@type":"PropertyValueSpecification","valueRequired":true,"valueName":"search_term_string"}}],"inLanguage":"ro-RO"}]}</script>
<!-- / Yoast SEO plugin. -->

Linkuri - Biserica Fortificată Viscri

Biserica Evanghelica C.A. din România Site-ul oficial al Bisericii Evanghelice din România. https://www.evang.ro/ro/ Săptămâna Haferland În fiecare an, festivalul Săptămâna Haferland are loc la mijlocul verii, pe o perioadă derulată între trei și șapte zile. Evenimentul reprezintă cea mai amplă manifestare din România dedicată promovării culturii și tradițiilor comunității sașilor din Transilvania.... Citește mai mult &raquo;

Biserica Fortificată Viscri

Site-ul oficial al Bisericii Fortificate Viscri, Biserica Evanghelică C. A. în România
